(r) = 5*r - 1. Let d(z) = -5*l(z) - 8*y(z). Let b(j) = -2*d(j) + 3*f(j). What are the prime factors of b(-5)?
5
Let w = 4 - -14. Let u = w - 8. Suppose -5*s = -u*s + 45. What are the prime factors of s?
3
Let c = -32 - -59. List the prime factors of c.
3
Suppose r = -4*k + 6*r + 20, -2*k - 4*r = -10. Suppose k*p + j = 4*j + 25, 5*p = -j + 25. Suppose 4*c + 10 = p*c. What are the prime factors of c?
2, 5
Let u be (12 - 5)/((-2)/(-32)). Suppose d - 5 - 16 = -3*m, -5*m + u = 4*d. Let n = d - 12. What are the prime factors of n?
3, 7
Suppose -4*c = -6 - 6. What are the prime factors of c?
3
Let r be 2/(-4)*(-17 - 1). Let l = 28 - r. List the prime factors of l.
19
Let u = 86 - 47. What are the prime factors of u?
3, 13
Let m = 102 - 41. What are the prime factors of m?
61
Let c(a) = 16*a. What are the prime factors of c(4)?
2
Let s(p) = -p**2 - 5*p. What are the prime factors of s(-3)?
2, 3
Let x = -34 + 54. Let u be (-3)/5 + 72/x. Suppose -u*h = 5*b - 43, -2*h + 25 = 6*b - 3*b. What are the prime factors of b?
11
Let g = 25 + -13. Suppose 4*j - 3*j = -5*h + 12, 2*h + 4*j - g = 0. Suppose 0 = -0*a - a + h. What are the prime factors of a?
2
Let o be (-48)/(-20) + 4/(-10). Suppose -x - o*v + 36 = 0, 4*v - 35 = 3*x - 103. Suppose -x + 8 = -2*l. List the prime factors of l.
2, 5
Let r be 64/(-6)*(-3)/2. Let t = r - -34. Suppose -3*c - 12 = 0, 0 = 2*f - 4*c + 10 - t. List the prime factors of f.
2, 3
Let m(p) = -3*p**2 + p. Let z be m(-1). Let x be 2*((-10)/z - 2). Suppose k + x = 3. List the prime factors of k.
2
Let f(q) = q**2 - 8*q + 10. Let u be f(7). Suppose a - b - 6 = -2*b, -3*a = -u*b - 42. List the prime factors of a.
2, 5
Let y = 5 - 13. List the prime factors of 142/6 + y/12.
23
Let q be 3 - (-2 + 3 - 1). Suppose -2*s + 24 = d, -q*d = s + 2*d - 12. List the prime factors of s.
2, 3
What are the prime factors of ((-256)/(-40))/(2/5)?
2
Let g(p) = 35*p + 1. Let x be g(3). Suppose -1 + x = 5*m. Suppose -4*v - m = -61. List the prime factors of v.
2, 5
Suppose f - 57 = 3*r, -3*f + 2*r = -2*r - 156. What are the prime factors of f?
2, 3
List the prime factors of ((-1)/(-2))/((-2)/8) + 9.
7
Let r = 8 + -2. Let z be (r + -8)*4*-1. Suppose 0*k + 4*b = -4*k - z, 4*k + 3*b = -3. What are the prime factors of k?
3
Let u = 337 - 206. What are the prime factors of u?
131
Let r = 9 - -2. What are the prime factors of r?
11
Let t be (-24)/10*(3 + -8). Suppose 0 = -b + t + 18. What are the prime factors of b?
2, 3, 5
Let m = 12 - 7. Suppose 3*j + 15 = -u - 13, 0 = 3*u - m*j + 70. Let q = u + 40. What are the prime factors of q?
3, 5
Let s(v) be the third derivative of -v**4/24 + 17*v**3/6 + 2*v**2. Let y be s(10). What are the prime factors of (-2)/y*(-5 + -2)?
2
Let y = 15 + -8. Let c = -21 + 23. Suppose -c*z + z = -y. List the prime factors of z.
7
Let g be 3 - (-3 + 33 + 0). What are the prime factors of -15*(0 + g/15)?
3
Let z be (6/4 - 1)*0. Suppose h + 0*h - 9 = z. What are the prime factors of h?
3
Let z = 10 - 3. Let v be 14/49 - (-26)/z. Suppose 5*u = v*u + 19. List the prime factors of u.
19
Suppose 0 = 2*p - 117 - 99. List the prime factors of p.
2, 3
Let q(l) = 3*l**2 - 2*l - 2. Suppose 0 - 2 = -b + h, -4*b = 4*h + 32. Let y be q(b). Let v = 44 - y. List the prime factors of v.
13
Suppose 73 = 5*c - 2*v - 72, -c + 4*v = -47. What are the prime factors of c?
3
Let c = -15 - -16. What are the prime factors of (-16 - -3)/(-1)*c?
13
Let v be (8 - 6)*154/(-2). Let u be v/(-21) - 4/(-6). Let m(p) = -p**3 + 9*p**2 - 5*p - 9. List the prime factors of m(u).
3, 5
List the prime factors of 352 + ((-5)/(15/(-12)) - 0).
2, 89
Let z(a) = -a**2 + 4*a - 1. Let r be z(5). Let q(x) = x**2 + 3*x - 8. List the prime factors of q(r).
2, 5
Let q be (12/(-10))/((-4)/10). What are the prime factors of (21 - -2)/(3/q)?
23
Suppose 3*k + 5*c = 174, 0*k + 2*c + 174 = 3*k. List the prime factors of k.
2, 29
Suppose -4*l - 96 = 12. Let v = 47 + l. List the prime factors of v.
2, 5
Let n be (-3)/(-5) + (-2)/(-5). Let f = 9 - n. List the prime factors of f.
2
Let c(q) = -6*q + 3. Suppose 27*z - 26*z = -5. List the prime factors of c(z).
3, 11
What are the prime factors of (20/30)/((-2)/(-894))?
2, 149
Let t = -12 + -12. Let p be ((-6)/(-2))/(3/(-16)). Let y = p - t. List the prime factors of y.
2
Let v = 23 - 21. List the prime factors of v.
2
Let n = 32 + 17. List the prime factors of n.
7
Suppose 7 + 11 = s. Let y = -19 + 11. Let l = s + y. List the prime factors of l.
2, 5
Let w(l) be the second derivative of -l**4/12 + 2*l**3/3 + 2*l. Let z be w(6). List the prime factors of (32/z)/(1/(-3)).
2
What are the prime factors of 2/(-6) + 158/6?
2, 13
Let c be -2 - 4*1/(-2). Let s = 3 + c. Suppose -s*n = -8*n - 2*w + 35, 0 = n - 3*w - 24. What are the prime factors of n?
3
Let d = 3 - -1. Suppose -71 = -3*n + d. What are the prime factors of n?
5
Let p = -2 - -7. List the prime factors of p.
5
Suppose -x - 3*x + 10 = 2*l, 4*l - 20 = -4*x. Suppose 5*i - 75 = 2*y, x = i - y - 12. Let u = i - 10. What are the prime factors of u?
7
Let k = 24 + -29. Let s = 23 - k. List the prime factors of s.
2, 7
Let l = 5 - 7. What are the prime factors of (-1)/(2/52*l)?
13
Suppose 5*l = -213 + 1423. What are the prime factors of l?
2, 11
Let t be (-1)/(-2*(-1)/(-26)). Suppose -n + 3*h - 3 = -20, -t = -2*n - h. Suppose -m + 4 = -n. List the prime factors of m.
2, 3
List the prime factors of 31 + 3*(-2)/3.
29
Suppose -4*i - 4*v = i - 603, i - 126 = v. List the prime factors of i.
3, 41
Suppose -14 = -5*f - 3*b, -4*b = 3*f - 2*f + 4. Suppose 103 = f*u - 113. Suppose -3*w - p = -24, -3*p = w - 6*w + u. What are the prime factors of w?
3
Let t(z) = -z**2 - 12*z - 7. Let k be t(-11). Let c = 30 - 12. Suppose k*s - c = s - 3*o, -3 = 3*o. What are the prime factors of s?
7
Let f = -5 - -10. Suppose 0*g - 2*r - 13 = -3*g, f*r = -2*g - 4. What are the prime factors of g?
3
Let a = -44 - -66. What are the prime factors of a?
2, 11
Suppose -c + 14*c = 1079. Suppose 0*k + 31 = r - k, -4*r + 88 = 5*k. Suppose -4*v - r = -c. List the prime factors of v.
2, 7
Let q = -36 - -56. List the prime factors of q.
2, 5
Let v be 2/5 - 6/15. Let y = -2 - v. What are the prime factors of ((-1 - -10) + y)*1?
7
Let o(n) = 4*n - 6. Let q be o(3). Suppose -4*l = -q*l + 116. List the prime factors of l.
2, 29
Let q = -383 - -553. What are the prime factors of q?
2, 5, 17
Let o(l) = 9*l**3 - 6*l**2 - 19*l + 10. Let u(s) = -5*s**3 + 3*s**2 + 10*s - 5. Let j(f) = -4*o(f) - 7*u(f). What are the prime factors of j(4)?
3
Let h(y) = 19*y - 7. List the prime factors of h(3).
2, 5
Suppose 6*t = t + 4*p + 241, 0 = -5*p + 5. What are the prime factors of t?
7
Suppose 0*j + 5*j + 1 = -3*n, 0 = -2*j - 4. Let v = -3 + n. Suppose -5*w - 8 + 58 = v. What are the prime factors of w?
2, 5
What are the prime factors of (-6 - (-30)/6)*(-7)/1?
7
Let q = -6 + 13. Suppose -6*y - 1 - 11 = 0. Let z = y + q. What are the prime factors of z?
5
Let v(a) = -7*a + 8. Let d(t) = -t**2 - 4*t - 5. Let b be d(-4). Let q(h) = 8*h - 9. Let u(c) = b*q(c) - 6*v(c). List the prime factors of u(4).
5
Suppose 0*q - 705 = -5*q. List the prime factors of q.
3, 47
Let x = -1 - -4. Suppose 45*z = 46*z - 5. Suppose r = z*b + 3*r - 125, -x*r = -4*b + 77. What are the prime factors of b?
23
List the prime factors of 9/(4*-1*(-12)/128).
2, 3
Suppose -5*b + 12 = -b. Suppose 0 = -0*o + b*o - u - 25, 0 = -4*u - 4. Suppose 4 = 4*y, 4*w = 2*y + o - 2. List the prime factors of w.
2
List the prime factors of (-30)/(-3 + (-2)/(-1)).
2, 3, 5
Suppose -2*s + 4 = -0. Suppose 4*w - 14 = s. What are the prime factors of ((-1)/(-2))/(w/96)?
2, 3
List the prime factors of -1 - (2 + -21) - 4.
2, 7
Suppose 3*j + 0*d + 127 = -4*d, 0 = -4*j - 3*d - 174. Let g be 2 + -1 + j/3. What are the prime factors of (8/g)/((-4)/14)?
2
Let k(y) = 14*y - 7. List the prime factors of k(5).
3, 7
Let g(s) = -s**2 - 4*s + 3. Let p be g(-4). Let t be (-30)/(-4) + p/(-6). Let r = t - 2. What are the prime factors of r?
5
Suppose -2*h + 31 = 4*l + 5, 0 = -2*h + 4*l - 14. Suppose -2*p + 6*p = h*j + 23, 3*p - 15 = 3*j. What are the prime factors of p?
2
Suppose 10 = -c + 3*c. Suppose -c*g = 2*n - 74, 0*n - 8 = -4*n. List the prime factors of g.
2, 7
Let c(d) be the third derivative of d**5/60 - d**4/12 - d**